6)) + 8 + 0.
-14
(-7 + -108 - -249) + -28
106
What is the value of -1634 + 1578 + (6 - 1)?
-51
What is 18 - ((-62 - -92) + -37)?
25
Evaluate 21 + -5 - (2 - 3) - 27.
-10
What is 14 - (6 + (-10 - (9 + -5)) + (-37 - -121))?
-62
Evaluate (-1 - 1) + 9 + (-11 - -9) - (-5 + -33).
43
17 + 4 - (-40 + 58)
3
What is the value of -1 + 3 + 1 + -12 - (-91 - (61 - 78))?
65
Calculate 32 + (-3 - (-6 + 68)).
-33
(-10 - -30) + 44 - 37 - 126
-99
What is -2 + 3 + 0 - (-156 - -147) - 0?
10
Evaluate -2 - (8 - -2 - (2 - 44 - 19)).
-73
What is the value of 7 + (6 - (7 - 2)) + -26 + 19 + -1?
0
Evaluate 20 - (117 - (0 + -20 - (-163 - -140))).
-94
What is the value of -34 - (-2 - -14 - 16 - (2 - 14))?
-42
What is the value of 15 - (15 - (11 + -4)) - (1 + (-1 - 46))?
53
What is -11 - (-34 - -24 - -17) - (-109 - -1)?
90
What is -3547 + 3601 - (46 + 1)?
7
What is -7 + 8 + -1 + -10 + 69 + (15 - 3)?
71
What is 0 + (43 + (43 - 71) - (-1 - -5))?
11
Calculate 0 + 6 + (-6 - -45 - (15 - (8 - 7))).
31
Evaluate 44 - (4 + -2) - (8 + 39 + -42).
37
What is 1 + -37 + 1 - (-2791 + 2764)?
-8
What is 0 - -12 - (-1 + -3 - (133 - 128))?
21
What is the value of 5 - (16 + -6 + -34 + 12)?
17
1 + -141 + -10 + 76
-74
2 + 20 + 40 + -100 + 55
17
Calculate (-38 - (55 + -9)) + 107.
23
What is the value of -17 - -5 - (14 + 9 + -1)?
-34
Calculate 15 - 7 - (-9 - 0) - (-22 - -10).
29
What is the value of 13 + (-28 - (17 + (-15 - -4))) + 10?
-11
What is the value of 367 + -353 + (-20 - 2) + -5?
-13
23 + (-194 - (55 - 130))
-96
What is (-46 - -46 - -13) + -61 + -2?
-50
What is the value of 13 - (-1 - (1 + (0 + 13 - -2)))?
30
1 + 35 + 1 + 41 + -39
39
Calculate -41 - (-4 + 1) - (0 - 19 - -8).
-27
(-59 - -5) + -1 - -100
45
What is 19 + (-248 + 257 + -13 + 0 - 106)?
-91
-10 - (1 + -1) - (17 - (44 - (6 + 11)))
0
What is the value of -3 + -9 - (10 + -22 - -32 - 10 - 157)?
135
Calculate 36 + -57 - -19 - ((100 - 1) + 4 + -1).
-104
Evaluate (35 - 19) + -26 + 4 + (-1 - 11) + 1.
-17
What is 123 + -86 + 20 + 0 + -6?
51
(-3 + 6 - (25 + -26) - -1) + (-36 - 24)
-55
What is the value of (120 - 55) + -92 - (-21 - -2)?
-8
What is (-4 + -44 - -9) + (-3 - (-5 + 8) - 2)?
-47
2 + (-40 - -43 - (0 - 7))
12
What is -7 + 13 + 3 + (74 - 53)?
30
108 + ((-41 - -67) + 17 - 7)
144
What is the value of 15 + -5 + -18 + 1 + 7 - (-1 - -28)?
-27
What is the value of -13 + (3 - -31 - (187 - 194))?
28
(24 - (73 - 38)) + 54
43
Calculate 7 + (-2 + 31 - -3) - (162 + -164).
41
What is 4 + (-1 - 112) + -3 + 206 + -209?
-115
What is (-33 - -18) + 0 + 4 - (-17 + (34 - 17))?
-11
(49 - 47) + (6 + -4 - 2) - 81
-79
Calculate (0 + 0 - -1) + 233 + -225 - (37 + 14).
-42
Evaluate (10 - 16) + (-1 + 9 + (51 - 30) - -3).
26
-2 - (-1 - 45) - (206 - 104 - 101)
43
Calculate 40 + (6 + -29 - -15) + -6.
26
What is (-90 - -172 - 159) + 124?
47
What is -325 + 330 - (-15 + -24)?
44
Evaluate (16 - -13) + -14 + -40 + 109.
84
Evaluate 148 + -38 - (-176 - -349).
-63
What is the value of (2 - 23) + 8 + 2 + -9 + 38 + -36?
-18
Calculate -16 + (-60 - -160) + -94.
-10
Calculate -26 + -57 - -51 - 10.
-42
Calculate -41 + -42 + 46 - -45.
8
102 + (51 - 190) - (-4 + (-3 - -1))
-31
Evaluate (9 - 16) + (-17 - -10) - (-7 + 65).
-72
What is the value of (2 - 60) + (13 - (1 - -1)) + 7 + -4?
-44
Calculate (38 - 1) + (77 + -38 + -49 - (-11 - -2)).
36
Evaluate -14 + (16 - (-6 + 1 + -15 + 22)).
0
What is (4 - (-22 - 29)) + -45?
10
What is 10 + -24 + (-5 - 6) + 59 + 26?
60
Calculate 67 - (17 - -5 - (29 - 34)).
40
Evaluate 14 + 3 - (215 + -170).
-28
Calculate (12 - 6) + 9 + (-51 - (1 + 14)).
-51
What is the value of (5 - (-16 - -2)) + (-5 - -10)?
24
(108 - 99) + (-4 + 2 + -3 + 0 - 0)
4
-335 + 140 + 92 + 11
-92
Calculate 70 + (83 + -133 - -33).
53
What is the value of -4 + (16 - 6 - (-9 + 11 - 21))?
25
317 + -376 - (-11 - 118)
70
-42 + 1 + -3210 + 3238
-13
(-23 - (21 + -29)) + 19 - (0 - 31)
35
Calculate -103 - (26 + -1) - -94.
-34
Calculate (368 - -163) + -540 - ((0 - 0) + -2).
-7
What is the value of (2 - (8 - -17)) + (-37 - -107)?
47
What is the value of -55 - -101 - (59 + 13)?
-26
What is the value of 48 + -71 + (12 - 2)?
-13
26 + 5 + (1107 - 1141)
-3
What is the value of -16 + -23 + 30 + -2?
-11
Calculate 588 + -598 - (1 - -3) - (0 + 51) - -15.
-50
What is the value of 101 + -198 + 208 - 84?
27
What is -127 + (-42 - -170) - (-10 + -2 + 1 + 0)?
12
What is -3 + -29 + -4 + 68?
32
What is 0 + 74 + 5 + -365 + 371?
85
Calculate 38 + (-133 - -45) + 50.
0
What is the value of (0 - (16 - -19)) + -11 + -2 + 4?
-44
What is 9 + (-5 - (-3 - (-14 + 9))) - -53 - 10?
45
(4 - -31) + (194 - 174)
55
Calculate -1 - ((5 - 1) + 0) - (-192 + 145).
42
(111 - 0) + 80 - 99
92
What is -191 + 437 + -253 + (-1 - (2 + -2 + -40))?
32
What is -5 + -12 + 41 + 10?
34
Evaluate -12 + 12 + -3 + (-21 - 1).
-25
5 + 25 + -17 - 8 - (-56 + 5 + -5)
61
What is -3 - (16 - -1) - ((103 - -13) + -79)?
-57
What is the value of (-19 - (3 + -20) - -2) + -16?
-16
What is the value of 70 - (28 + -10 + -22 + -20)?
94
Calculate 5 - (3 - (4 + -1)) - (89 + -210 + 26).
100
(115 - -28 - 53) + -1 + 24
113
What is -111 + (3 - (-59 - -4))?
-53
What is the value of -60 - (-13 + -11 + 2)?
-38
Evaluate 8 + (9 - 12) + 11 - -9 - 11.
14
What is the value of -2630 - -2654 - (3 - 1)?
22
What is 9 - (-10 + (-11 - (-27 - -58)))?
61
8 - (-20 - (19 - (69 + -18)))
-4
What is (2 - 88) + 97 + -50 + -37?
-76
Evaluate 2 + 75 + -41 + 6.
42
What is -2 - 49 - (-13 - (16 + 22))?
0
What is the value of (13 + (-30 - -7) - -10) + 6 - 57?
-51
Calculate 77 + -82 + -6 + 26.
15
What is (-350 - -330 - (-8 + 1)) + 34 - -90?
111
What is the value of 1 + -2 + -60 + 11777 + -11777?
-61
What is the value of 11 + (32 - 0 - (-782 + 725))?
100
-270 + 259 + -8 + -2 + (1 - 4)
-24
What is -35 + (16 - -30) - 5?
6
What is 24 + (-673 - -631) + (-11 - -1)?
-28
Calculate 25 - ((-49 - (14 - 42)) + 39).
7
What is the value of -6 + (-4 + 5 + 9 + -18 - (13 - 2))?
-25
What is the value of 0 + (-14 + 8 - 15) + -4 + -6?
-31
-1 + -110 - (2168 - 2233)
-46
Evaluate (17 - (3 + 17)) + (55 - (-1 + -3 - -4)).
52
Calculate 2 + (-50 + 51 + -1 + -3 - 100).
-101
Evaluate 18 - 17 - 27 - (0 + 0 + -20).
-6
Calculate 33 + -14 + 10 - (3 - -1).
25
What is 22 + (-6 - 0 - (-22 + (-39 - -56))) + -3?
18
Calculate 89 + -1 + 34 + -59 + 7 + 20.
90
Calculate -2 + 2 + -12 - (22 + 33 + 25).
-92
Evaluate -43 + -54 + 87 + -25.
-35
What is the value of (1157 - 1141) + -30 + -1?
-15
What is the value of 16 + -23 + (-13 - -2) + (-43 - -68)?
7
(-61 - -97) + -4 - (4 - -78)
-50
What is the value of -41 + -7 + -5 - (24 - 21)?
-56
Calculate (-683 - -692) + -12 + (-3 + 0 - 0).
-6
-2 + (-3 - -1) + -30 + 16
-18
Evaluate (175 - 213 - -1) + (74 - 0).
37
What is the value of -29 + 37 + (11 - (5 - 0) - 27)?
-13
70 + (-117 - -114) + -101
-34
What is the value of (-59 - -34) + (-41 - -12) + -16?
-70
-1 - -79 - (11837 + -11747)
-12
Calculate -18 + 23 - (9 - 68) - (5 - 5).
64
Calculate 9 - (-7 - -2 - (-18 - 0 - 1 - -10)).
5
-81 - (-310 + 107 + 91)
31
What is 491 - 351 - (78 - 7)?
69
Evaluate 0 - 12 - (-2 + -12 - (-195 + 175)).
-18
Calculate (-3 - 12) + 2 + 0 - (-267 - -300).
-46
22 + (16 - 83) + (-18 - -118)
55
What is the value of (-1 - 5) + -66 + (-46 - -72) + 91?
45
What is -108 + 111 + -26 + -77?
-100
What is the value of -26 + 6 + (-27 - -40)?
-7
-8 + (21 - 33) + 29 + 14
23
-122 - (-20 + -10 + 23 + -13)
-102
What is (-47 - -31) + -11 + 7 + -10 + -1?
-31
What is the value of -7 - ((-2 - -6 - -5) + -41 + 41 + -22)?
6
(-5 + -1 - 0) + 1 + (56 - 27)
24
Calculate 0 + -4 + 26 + -25 - -7.
4
What is the value of -13 - (-24 + (32 + -26 - 19))?
24
What is 5 + -1 + (-41 - (116 - 111))?
-42
150 + -64 + 1 + -50
37
5 - (-1 - (12 - (8 + -2))) - -103
115
Evaluate -14 - (1059 + -1084 + -108 + -1).
120
What is 37 + 1 + (-441 - -384)?
-19
Calculate 0 - -95 - (113 - 58).
40
11 + -50 + (334 - 322)
-27
Calculate -36 + (103 - -10) + -56.
21
-48 + (-1 - (-3 + 0) - 0) - (8 - -1)
-55
What is 9 - (-12 - (-58 - 28 - 1))?
-66
Calculate 1 + -99 + (-32 - ((-17 - 26) + 17)).
-104
What is the value of 40 - 23 - (118 - 44)?
-57
Evaluate -71 - (-102 + -14 + 40).
5
Evaluate ((-10 - (-19 + (20 - 11))) + 11 - 21) + -52.
-62
Evaluate (1 - (-10 + 4 + -1)) + (-12 - -16) + -17.
-5
Evaluate -30 - (1 + 9 + 174 + -187 - -9).
-36
Evaluate (-26 - 31 - -19) + 59.
21
Evaluate (4 - (48 - 44